, 3, 5, 3203, 28879
What are the prime factors of 24867097?
1367, 18191
What are the prime factors of 276418713?
3, 5477, 16823
What are the prime factors of 29413243?
2633, 11171
What are the prime factors of 2779277897?
11, 1693, 149239
List the prime factors of 692889748.
2, 2633, 65789
What are the prime factors of 238582840?
2, 5, 1223, 4877
List the prime factors of 113871303.
3, 7, 13, 257, 541
What are the prime factors of 25378971?
3, 8459657
List the prime factors of 176591096.
2, 11, 61, 67, 491
What are the prime factors of 370247875?
5, 2961983
What are the prime factors of 644816026?
2, 107, 3013159
What are the prime factors of 347899149?
3, 13, 2973497
List the prime factors of 1565867241.
3, 57995083
What are the prime factors of 2599222798?
2, 41, 31697839
What are the prime factors of 39352040?
2, 5, 7, 13, 19, 569
What are the prime factors of 3531140772?
2, 3, 294261731
List the prime factors of 82500861.
3, 37, 743251
List the prime factors of 3758706650.
2, 5, 163, 461191
What are the prime factors of 78690465?
3, 5, 7, 249811
What are the prime factors of 1050087508?
2, 262521877
List the prime factors of 1026834754.
2, 11, 43, 25243
What are the prime factors of 29341494?
2, 3, 7, 13, 853
What are the prime factors of 1348999403?
1348999403
List the prime factors of 22168910.
2, 5, 1109, 1999
List the prime factors of 113264419.
727, 155797
What are the prime factors of 88486146?
2, 3, 7, 199, 3529
What are the prime factors of 48651546?
2, 3, 271, 29921
List the prime factors of 201034302.
2, 3, 7, 79, 60589
What are the prime factors of 385818015?
3, 5, 11, 2338291
What are the prime factors of 38663943?
3, 23, 41, 79, 173
What are the prime factors of 1221753516?
2, 3, 71, 1049, 1367
What are the prime factors of 111463815?
3, 5, 17, 437113
List the prime factors of 86734136.
2, 17, 637751
What are the prime factors of 189753876?
2, 3, 13, 31189
List the prime factors of 68090435.
5, 7, 421, 4621
What are the prime factors of 62310565?
5, 23, 541831
What are the prime factors of 213661282?
2, 106830641
List the prime factors of 1073905164.
2, 3, 17, 643, 2729
List the prime factors of 2069523044.
2, 461, 701, 1601
List the prime factors of 7789578.
2, 3, 61, 21283
What are the prime factors of 359640649?
3301, 108949
What are the prime factors of 94150595?
5, 7, 11, 244547
List the prime factors of 782442044.
2, 195610511
What are the prime factors of 2927279290?
2, 5, 13, 313, 71941
What are the prime factors of 105482302?
2, 52741151
What are the prime factors of 1473136557?
3, 19, 47, 549883
List the prime factors of 1014892332.
2, 3, 84574361
List the prime factors of 684143582.
2, 29, 1609, 7331
List the prime factors of 16495163.
23, 509, 1409
List the prime factors of 1024795572.
2, 3, 733, 116507
List the prime factors of 20377898.
2, 37, 383, 719
List the prime factors of 345746035.
5, 3613, 19139
List the prime factors of 3030458332.
2, 11, 6229, 11057
List the prime factors of 3204444634.
2, 181, 8852057
What are the prime factors of 4465489069?
43, 307, 338269
List the prime factors of 657437299.
67, 9812497
What are the prime factors of 996038512?
2, 7, 83, 109, 983
List the prime factors of 830658842.
2, 13, 1877, 17021
List the prime factors of 82479217.
82479217
What are the prime factors of 24040942?
2, 29, 457, 907
List the prime factors of 1278296746.
2, 639148373
List the prime factors of 1171945397.
7, 23917253
List the prime factors of 1312443895.
5, 7, 37498397
List the prime factors of 120285193.
7, 23, 747113
List the prime factors of 386280065.
5, 41, 1884293
What are the prime factors of 1209497129?
487, 2483567
List the prime factors of 942231131.
71, 97, 136813
List the prime factors of 31143463.
13, 2395651
List the prime factors of 1231702362.
2, 3, 11, 61, 1259
List the prime factors of 53162910.
2, 3, 5, 17, 34747
List the prime factors of 5103648096.
2, 3, 53163001
List the prime factors of 1082214236.
2, 19, 541, 26321
What are the prime factors of 478884288?
2, 3, 17, 23, 6379
What are the prime factors of 546812602?
2, 7, 131, 298153
List the prime factors of 1655050223.
109, 15183947
What are the prime factors of 277243081?
23, 101, 5189
What are the prime factors of 319289707?
11, 29026337
List the prime factors of 68856966.
2, 3, 83, 569
What are the prime factors of 1885495591?
7, 1373, 196181
List the prime factors of 3937741156.
2, 151, 181, 199
List the prime factors of 3203674847.
3203674847
What are the prime factors of 1411536906?
2, 3, 13, 73, 82633
List the prime factors of 1423968028.
2, 7, 2447, 2969
What are the prime factors of 2765769892?
2, 691442473
List the prime factors of 5028687660.
2, 3, 5, 83811461
What are the prime factors of 124732035?
3, 5, 43, 21487
What are the prime factors of 239761803?
3, 79920601
What are the prime factors of 268647908?
2, 41, 1638097
List the prime factors of 163762630.
2, 5, 16376263
What are the prime factors of 127604359?
127604359
What are the prime factors of 6884181?
3, 131, 5839
List the prime factors of 262360154.
2, 7, 661, 28351
What are the prime factors of 2388262272?
2, 3, 11, 17, 79, 421
What are the prime factors of 396161712?
2, 3, 917041
List the prime factors of 52476294.
2, 3, 13, 23, 29251
List the prime factors of 1785535371.
3, 131, 677, 2237
What are the prime factors of 3932845187?
23, 59, 2898191
What are the prime factors of 456374673?
3, 17, 2982841
List the prime factors of 56478262.
2, 28239131
List the prime factors of 7194487.
7194487
List the prime factors of 826558509.
3, 7, 5622847
What are the prime factors of 551301891?
3, 7, 17, 19, 683
List the prime factors of 17260242.
2, 3, 31, 71, 1307
List the prime factors of 160920723.
3, 727, 73783
What are the prime factors of 32034303?
3, 7, 499, 1019
List the prime factors of 894163327.
21433, 41719
List the prime factors of 971118.
2, 3, 53951
List the prime factors of 1773889294.
2, 419, 2116813
What are the prime factors of 1063589293?
13, 577, 141793
What are the prime factors of 449527649?
41, 73, 150193
What are the prime factors of 2110292308?
2, 53, 9954209
What are the prime factors of 71008?
2, 7, 317
List the prime factors of 370384703.
13, 97, 293723
What are the prime factors of 4569086426?
2, 4021, 568153
What are the prime factors of 77087644?
2, 101, 190811
List the prime factors of 37652756.
2, 17, 19, 151, 193
List the prime factors of 39665297.
7, 1693, 3347
What are the prime factors of 251665873?
251665873
What are the prime factors of 63840506?
2, 31920253
What are the prime factors of 6195550832?
2, 387221927
What are the prime factors of 980080115?
5, 7, 73, 54799
What are the prime factors of 46308825?
3, 5, 205817
What are the prime factors of 4697093293?
317, 569, 26041
What are the prime factors of 473979490?
2, 5, 47, 1008467
What are the prime factors of 2386282430?
2, 5, 7, 23, 1482163
What are the prime factors of 62990376?
2, 3, 23, 114113
What are the prime factors of 93851024?
2, 263, 22303
List the prime factors of 59301474.
2, 3, 17, 641, 907
What are the prime factors of 207513075?
3, 5, 7, 11, 35933
List the prime factors of 70016170.
2, 5, 7, 1000231
List the prime factors of 152415470.
2, 5, 1249, 12203
List the prime factors of 1812692798.
2, 7, 157, 824701
What are the prime factors of 2255095250?
2, 5, 47, 281, 683
List the prime factors of 16385472.
2, 3, 28447
List the prime factors of 103244447.
23, 83, 54083
What are the prime factors of 226168316?
2, 11, 5140189
What are the prime factors of 58050047?
11, 751, 7027
What are the prime factors of 2887620672?
2, 3, 67, 224473
List the prime factors of 543116720.
2, 5, 6788959
What are the prime factors of 4226179260?
2, 3, 5, 17, 79, 179, 293
What are the prime factors of 83511316?
2, 7, 587, 5081
List the prime factors of 2452008606.
2, 3, 2861, 142841
List the prime factors of 38317777.
71, 539687
List the prime factors of 54291560.
2, 5, 73, 18593
What are the prime factors of 421061165?
5, 7, 67, 113, 227
What are the prime factors of 8547163?
2647, 3229
List the prime factors of 38838682.
2, 3511, 5531
What are the prime factors of 428171549?
13, 373, 88301
What are the prime factors of 36498234?
2, 3, 2053, 2963
List the prime factors of 15